964/20 - (-2)/c. Suppose t - 238 = -3*x, -t + s = 3*x + 2*x. Is t a composite number?
False
Is (-2)/(80/(-37768))*5 prime?
True
Suppose s - 47 - 13 = 0. Let d = s - 5. Is d a composite number?
True
Let m = -205 + 1179. Is m prime?
False
Let r(f) = 17*f**2 - 12*f - 29. Is r(-6) a prime number?
False
Let a(z) = z + 4. Let w be a(0). Suppose w*k = -2*n + 26, -2*k + 3*k = 2*n - 1. Suppose -2*b - b = -o - 154, -245 = -k*b + 4*o. Is b a composite number?
False
Suppose 8 - 4 = 2*p. Suppose -1263 = -5*c - p*h, 3*h - h = -4*c + 1012. Is c a prime number?
True
Suppose 5*o - 3*o = 4*j + 7954, 3*j = 5*o - 19850. Is o composite?
False
Let x = 38 + -21. Is (0/(-1) - 2) + x composite?
True
Let o(b) = b**3 + 2*b**2 + 2*b + 4. Let n be o(-3). Let h(v) = -v**3 + 11*v + 15. Let w be h(n). Suppose -w = -5*k + 5*m - m, -4*k = m - 1001. Is k prime?
False
Let j = 85 - 80. Suppose 0 = -j*l - 3*v + 7001, -5*v + 3860 = 4*l - 1746. Is l a composite number?
False
Let z(v) = -1050*v - 293. Is z(-6) composite?
False
Let l be 154/(-13) - (-4)/(-26). Let k = 12 + l. Suppose k = 4*d + 3*y - 306 - 875, -5*d + y + 1462 = 0. Is d prime?
True
Let p(d) = 97*d**2 + 5*d - 5. Is p(-6) composite?
False
Let f(g) = -100*g - 3. Suppose -2*w + 1 = 15. Is f(w) prime?
False
Suppose 9*l - 7*l - 14208 = -2*z, -2*z = -l - 14205. Is z a composite number?
False
Suppose 5*s + m = 13316, 5*s - 13332 = -0*s + 3*m. Suppose -3*r = 3*b - 6*r - s, -2*r + 885 = b. Is b a prime number?
True
Suppose 322*y + 9451 = 323*y. Is y a composite number?
True
Suppose 2*h + 10 = 0, -t = 19*h - 15*h - 21567. Is t composite?
False
Is 3 + (-3352)/(-76) + 22/(-209) a prime number?
True
Suppose 7*q - 20321 - 29988 = 0. Is q composite?
False
Let b be 3/(-4)*5/(5/(-664)). Let f = b - 157. Is f a composite number?
True
Is (-4 + 3)/(2 - (-392363)/(-196181)) a prime number?
True
Let a = 3639 + -600. Is a prime?
False
Let b = 51586 + -18449. Is b a composite number?
True
Suppose -42*w + 45*w = 357. Let h = -52 + w. Is h composite?
False
Let z = -19071 - -28417. Is z prime?
False
Is (7/(-7) + 2)*659 a prime number?
True
Let b(s) be the first derivative of 7/3*s**3 + 5*s - 5/2*s**2 - 1. Is b(-5) a prime number?
False
Suppose -14*i + 11*i + 11808 = 0. Let z = i - 1543. Is z a composite number?
False
Let k be (1 + -383)*(8 - 6). Let n = k - -1551. Is n prime?
True
Suppose -3*b + 8*b = 0. Let y be (-1 - -1 - b) + -296. Let n = y + 499. Is n a prime number?
False
Suppose 4*u - u - 8967 = 0. Let t = u + -1366. Is t a prime number?
False
Let u be 84/20 + (-1)/5. Let x(i) = 7*i - 19. Let g be x(6). Suppose 3*s - g = t, 2*s + 16 = u*s - t. Is s composite?
False
Let x(a) = 4*a - 8*a - 2*a - 4. Let j be x(-6). Suppose -j = -3*g + 475. Is g a prime number?
False
Suppose 0*y = -4*y - y. Suppose 2*c = -y*c - 3*s + 8882, -22179 = -5*c - s. Is c a prime number?
False
Let r(h) be the second derivative of 7*h**5/20 - h**4/4 + h**2 + 3*h. Is r(2) composite?
True
Suppose 11*n + 13101 = 3*q + 7*n, -2*n + 17468 = 4*q. Is q prime?
False
Let w = 29 + 66. Is (44/(-110))/(1 - 96/w) a prime number?
False
Let c(t) = t**3 - 2*t**2 + 18*t - 19. Is c(12) prime?
True
Suppose -2*h + 266 = -218. Let t = h + -83. Is t a composite number?
True
Let s(u) = 28*u - 6. Let i be s(8). Let w = 104 - i. Is 4/(-3*4/w) prime?
False
Suppose 3*d = -389 - 1003. Let y = -324 - d. Suppose -y = -3*p + 397. Is p a prime number?
True
Let v be 206*13 - (6 + -4 - -1). Let g = -1338 + v. Is g a composite number?
True
Let s(u) = -7*u**3 - 2*u - 1. Let l be s(-1). Suppose -5*g - 2196 = -l*g. Suppose -3*z + 687 = 4*q - g, 0 = 2*z - 2*q - 932. Is z a prime number?
False
Is 61103/58 + 9/6 prime?
False
Suppose -188*n + 196*n = 2408. Is n prime?
False
Let j(l) = -549*l - 39. Is j(-8) a composite number?
True
Suppose 3*r + 69 - 81 = 0. Suppose r*f + 7164 = 4*w, 5*f - 318 = -2*w + 3278. Is w a prime number?
False
Is 2 + (6/(-51) - (-57060)/68) a prime number?
False
Let q = -7 - -10. Suppose -3*n - 5*m = -61, -4*m - 43 = 2*n - q*n. Let b = 10 + n. Is b a composite number?
False
Suppose -17*c - 2095 = -21*c - 3*a, 0 = -5*c + 2*a + 2613. Is c prime?
True
Let r = -16443 - -24004. Is r a prime number?
True
Suppose z + 4 = -0, 5*z - 114245 = -5*c. Is c a prime number?
True
Let o = -2346 + 6547. Is o a prime number?
True
Let j(w) = 5*w**2 + 0*w + 3*w**2 - 2*w + 3 + 5*w - 1. Let k be ((-2)/(-4))/((-1)/10). Is j(k) prime?
False
Let u = 75 + -50. Suppose -u*c - 116 = -24*c. Let z = 295 + c. Is z prime?
True
Let b = -16 - -24. Suppose -2*v + 0*s + b = 2*s, -1 = v - 4*s. Let w(p) = 451*p + 8. Is w(v) composite?
False
Let g(i) be the third derivative of i**5/10 + i**4/3 - 11*i**3/6 + 17*i**2. Is g(8) a prime number?
False
Let h be (80/(-15))/((-2)/(-6)). Is -1 + 146 + 64/h a prime number?
False
Let a = -5 - -1. Let b = a - -7. Suppose 38 = b*s - s. Is s prime?
True
Is (0 - -1*5)*18269/5 a prime number?
True
Let n = 3 + 3. Suppose -n*y = -y. Suppose -5*w = -y*w - 3425. Is w a composite number?
True
Let t(i) be the first derivative of 2*i**3 + i**2 - i + 6. Let l = 10 + -6. Is t(l) a composite number?
False
Let z(m) = 90*m + 95. Is z(9) a prime number?
False
Suppose 3*p + 0*m - 21573 = 3*m, -2*m = p - 7176. Is p composite?
True
Let g(k) = -k**3 - 11*k**2 + 11*k - 5. Let b be g(-12). Let p = -1 + b. Suppose -5*i - 5*h + 150 = 0, p*h = 5*i + h - 190. Is i composite?
True
Suppose -17*w + 29275 = 5*l - 20*w, 4*w = 0. Is l a prime number?
False
Let x(a) = 15398*a + 35. Is x(4) prime?
True
Let v(m) = -1 - 5 - 3*m + 3*m**2 + 1 + m**3. Let s be v(4). Suppose -6*j + 785 = s. Is j a composite number?
True
Let r = 28 + -21. Suppose 98 = r*j - 2*j + 3*b, 4*j - 5*b - 71 = 0. Is j a composite number?
False
Suppose 0*v - 4*j = -2*v + 45082, -v = 5*j - 22541. Is v prime?
True
Let y = 14 - 9. Suppose -5*o - 5*s = -y, 4*s - 2*s = -4*o + 12. Suppose -683 = -o*n + 4*n. Is n a prime number?
True
Let d be 152 - 3*8/6. Suppose 0*f - 4*f + d = 0. Is f a composite number?
False
Let q = 11605 + -3355. Suppose m = 5*t - q, 3*t - 4952 = -0*t + m. Is t a composite number?
True
Suppose -2*y + 5*y - 2*w = -926, -5*y - 1550 = -5*w. Let d = y - -620. Is d a prime number?
False
Suppose 4296 = 2*c - 2*k, 2163 = c + k + k. Is c composite?
False
Let d(u) = 80*u**2 + 9*u - 23. Is d(6) prime?
False
Let s = 8 + -7. Suppose -5*a + 9 = -f + 2*f, -s = 2*a + 5*f. Suppose -a*n + 226 = -n. Is n a composite number?
True
Suppose 5*u - 650 = 320. Suppose 5*d + 3*b + b - 547 = 0, d = 3*b + 117. Let n = u - d. Is n a composite number?
False
Let v(t) = 2*t**2 - t. Let b be v(2). Is ((-3346)/21)/((-4)/b) + -4 prime?
False
Suppose 7 = -14*s + 13*s. Let y(d) = d**2 - d - 3. Is y(s) a prime number?
True
Let n(y) = y + 1. Let c(k) = -k**2 + 14*k + 2. Let u(s) = -c(s) + 5*n(s). Let j be u(9). Let g = j + 7. Is g composite?
True
Suppose 9*c + 5*t = 4*c + 755, -4*c + 5*t + 595 = 0. Let u = 671 - c. Is u prime?
True
Let o(c) be the third derivative of -21*c**6/40 + c**5/120 - 7*c**4/24 + 4*c**2. Let t(m) be the second derivative of o(m). Is t(-1) a prime number?
True
Let q = 28 - 25. Suppose -s + q*s - 18 = 0. Let u(c) = c**3 - 6*c**2 - 9*c + 1. Is u(s) composite?
False
Let s = -17 - -9. Let d(g) = -25*g - 31*g + 2*g**2 + 9 + 59*g. Is d(s) a prime number?
True
Suppose -3*g = -13 - 14. Suppose 0 = 4*t - g*t + 375. Let d = -32 + t. Is d composite?
False
Suppose 443*b + 3938 = 445*b. Is b prime?
False
Let o = 140 - 75. Is o a prime number?
False
Is (-697953)/(-1022) + (-1)/(-14) a prime number?
True
Let i(g) = -g**3 + 9*g**2 + 11*g - 4. Let z be i(10). Let m be 2*z/4 + 0. Is 3 - (187/(-1) + m) composite?
True
Let y(w) = 5*w - 5. Let r be y(-4). Let g = r + -102. Is (-8)/(3 + -5) - g a prime number?
True
Let q = 3388 - -4261. Is q a prime number?
True
Suppose -4 = 4*n, -u + 13*n - 16*n = -10058. Is u a prime number?
True
Suppose -5*t = 4*t - 18. Suppose 4*d + 1458 = t*a - d, -2*a - 4*d + 1494 = 0. Is a a composite number?
False
Suppose -47*z + 235389 = -26*z. Is z prime?
False
Let c = 1861 - -5956. Is c a prime number?
True
Let r = 46 - 42. Suppose r*d - 2*f - 1984 = 0, 2197 = 3*d - 2*f + 710. Is d a composite number?
True
Let v = -22981 + 34200. Is v composite?
True
Let f be (-20 - 0)/(-1 + 0). Let i be 8/f - (-18)/5. Suppose -i*c + 88 = -148. Is c composite?
Fals